 the remainder when 1559735 is divided by 1992.
1991
Calculate the remainder when 77570 is divided by 459.
458
Calculate the remainder when 107737 is divided by 3475.
12
Calculate the remainder when 69985 is divided by 679.
48
Calculate the remainder when 26380 is divided by 197.
179
What is the remainder when 413 is divided by 73?
48
What is the remainder when 21736 is divided by 182?
78
What is the remainder when 167108 is divided by 115?
13
Calculate the remainder when 1552 is divided by 668.
216
What is the remainder when 407 is divided by 106?
89
Calculate the remainder when 77547 is divided by 1175.
1172
What is the remainder when 12532 is divided by 200?
132
Calculate the remainder when 2988 is divided by 739.
32
What is the remainder when 41772 is divided by 1492?
1488
What is the remainder when 2319 is divided by 78?
57
What is the remainder when 718277 is divided by 204?
197
What is the remainder when 226366 is divided by 54?
52
What is the remainder when 130290 is divided by 1809?
42
Calculate the remainder when 716 is divided by 280.
156
What is the remainder when 2474 is divided by 352?
10
Calculate the remainder when 978 is divided by 70.
68
Calculate the remainder when 965624 is divided by 64.
56
Calculate the remainder when 435620 is divided by 473.
460
What is the remainder when 372623 is divided by 12?
11
What is the remainder when 133352 is divided by 3329?
192
What is the remainder when 9385 is divided by 98?
75
Calculate the remainder when 10933 is divided by 590.
313
What is the remainder when 4481 is divided by 66?
59
What is the remainder when 354 is divided by 36?
30
What is the remainder when 3056 is divided by 35?
11
Calculate the remainder when 137721 is divided by 725.
696
Calculate the remainder when 4448 is divided by 740.
8
Calculate the remainder when 559095 is divided by 1328.
7
Calculate the remainder when 158389 is divided by 13.
10
What is the remainder when 22929 is divided by 11462?
5
What is the remainder when 2834 is divided by 106?
78
Calculate the remainder when 202118 is divided by 1773.
1769
What is the remainder when 19837 is divided by 301?
272
What is the remainder when 75872 is divided by 25?
22
Calculate the remainder when 212448 is divided by 16.
0
Calculate the remainder when 1405 is divided by 124.
41
Calculate the remainder when 8687 is divided by 4290.
107
Calculate the remainder when 1306 is divided by 413.
67
What is the remainder when 21050 is divided by 1107?
17
What is the remainder when 4448 is divided by 3433?
1015
What is the remainder when 55031 is divided by 7?
4
Calculate the remainder when 6743 is divided by 1233.
578
Calculate the remainder when 3448982 is divided by 968.
966
What is the remainder when 71261 is divided by 18?
17
What is the remainder when 107413 is divided by 95?
63
Calculate the remainder when 885 is divided by 159.
90
What is the remainder when 13459 is divided by 207?
4
What is the remainder when 57236 is divided by 35?
11
Calculate the remainder when 488816 is divided by 53.
50
Calculate the remainder when 8749 is divided by 968.
37
Calculate the remainder when 6148664 is divided by 983.
982
What is the remainder when 7074 is divided by 33?
12
What is the remainder when 11722461 is divided by 32?
29
What is the remainder when 77273 is divided by 52?
1
What is the remainder when 1786774 is divided by 513?
508
Calculate the remainder when 31257 is divided by 808.
553
What is the remainder when 2815 is divided by 321?
247
What is the remainder when 122563 is divided by 294?
259
Calculate the remainder when 5437 is divided by 133.
117
What is the remainder when 897 is divided by 607?
290
What is the remainder when 90249 is divided by 462?
159
What is the remainder when 14946 is divided by 7438?
70
What is the remainder when 82827 is divided by 30?
27
Calculate the remainder when 8952 is divided by 895.
2
What is the remainder when 582448 is divided by 353?
351
Calculate the remainder when 199844 is divided by 33306.
8
What is the remainder when 11164 is divided by 46?
32
Calculate the remainder when 1049326 is divided by 36.
34
Calculate the remainder when 2006 is divided by 130.
56
What is the remainder when 27256 is divided by 11?
9
What is the remainder when 58287 is divided by 204?
147
What is the remainder when 4385 is divided by 21?
17
Calculate the remainder when 2480 is divided by 613.
28
Calculate the remainder when 117921 is divided by 31.
28
What is the remainder when 10218 is divided by 10?
8
Calculate the remainder when 25626 is divided by 12210.
1206
Calculate the remainder when 98488 is divided by 49.
47
What is the remainder when 816 is divided by 155?
41
What is the remainder when 14766 is divided by 35?
31
Calculate the remainder when 10536 is divided by 41.
40
Calculate the remainder when 16153 is divided by 5384.
1
Calculate the remainder when 7373 is divided by 29.
7
Calculate the remainder when 18786 is divided by 1575.
1461
What is the remainder when 6535 is divided by 300?
235
Calculate the remainder when 1309 is divided by 108.
13
What is the remainder when 587528 is divided by 2?
0
What is the remainder when 435100 is divided by 381?
379
What is the remainder when 4106 is divided by 46?
12
What is the remainder when 6136 is divided by 1534?
0
Calculate the remainder when 201213 is divided by 32.
29
Calculate the remainder when 26343 is divided by 4388.
15
What is the remainder when 4073 is divided by 3754?
319
Calculate the remainder when 26651 is divided by 544.
539
What is the remainder when 3858 is divided by 424?
42
What is the remainder when 81331 is divided by 360?
331
What is the remainder when 1111076 is divided by 11?
10
What is the remainder when 24797 is divided by 124?
121
What is the remainder when 32083 is divided by 1106?
9
What is the remainder when 6147 is divided by 547?
130
What is the remainder when 4495 is divided by 129?
109
Calculate the remainder when 66081 is divided by 1166.
785
Calculate the remainder when 2473 is divided by 799.
76
What is the remainder when 79206 is divided by 97?
54
Calculate the remainder when 56101 is divided by 18.
13
Calculate the remainder when 421422 is divided by 14.
8
What is the remainder when 213833 is divided by 53455?
13
What is the remainder when 22319 is divided by 80?
79
Calculate the remainder when 12602 is divided by 89.
53
What is the remainder when 178259 is divided by 63?
32
Calculate the remainder when 5460 is divided by 5086.
374
Calculate the remainder when 39132 is divided by 631.
10
Calculate the remainder when 1775868 is divided by 398.
390
Calculate the remainder when 6656013 is divided by 184.
181
What is the remainder when 465895 is divided by 12?
7
Calculate the remainder when 4185 is divided by 870.
705
What is the remainder when 5696 is divided by 301?
278
What is the remainder when 129810 is divided by 792?
714
Calculate the remainder when 2084 is divided by 678.
50
What is the remainder when 116324 is divided by 58146?
32
What is the remainder when 130525 is divided by 374?
373
What is the remainder when 3382 is divided by 1653?
76
Calculate the remainder when 3743 is divided by 1225.
68
What is the remainder when 377 is divided by 374?
3
What is the remainder when 101202 is divided by 14456?
10
Calculate the remainder when 34086 is divided by 541.
3
Calculate the remainder when 48467 is divided by 120.
107
Calculate the remainder when 20743 is divided by 2304.
7
Calculate the remainder when 24339 is divided by 3042.
3
What is the remainder when 36773 is divided by 939?
152
Calculate the remainder when 21328 is divided by 84.
76
Calculate the remainder when 15726 is divided by 5242.
0
Calculate the remainder when 3117791 is divided by 313.
311
What is the remainder when 13885 is divided by 1558?
1421
What is the remainder when 14355 is divided by 2530?
1705
What is the remainder when 27475 is divided by 578?
309
What is the remainder when 1246331 is divided by 849?
848
Calculate the remainder when 22487 is divided by 26.
23
What is the remainder when 56 is divided by 18?
2
Calculate the remainder when 512 is divided by 68.
36
What is the remainder when 1258 is divided by 443?
372
What is the remainder when 116546 is divided by 235?
221
Calculate the 